 derivative of m**3/3 - 11*m**2/2 - 7*m - 577. Give y(13).
19
Let d(v) = 14 + 7*v + 2*v + 2*v**2 - v**2 - 5. Let a(t) = t**2 + 9*t + 9. Let p(c) = 5*a(c) - 6*d(c). Let l = 6 - 12. Determine p(l).
9
Let a(b) = 52*b - 228*b + 61*b + 57*b + 56*b. Calculate a(1).
-2
Let v(n) = -2*n**2 - 5*n + 4. Let j be v(-4). Let z(f) = -f - 44 - 7*f + 7*f + 33. Determine z(j).
-3
Let j(d) = d. Let z = -83 + 82. Let f be 1*(4 + z + 4). Determine j(f).
7
Suppose -p + 21 = 16. Suppose p*q = -4*n - 15, -7*q - 4*n - 16 = -3*q. Let u(t) = 2*t**2 + t + 2*t**2 + 2*t**2 - 1. Give u(q).
6
Let t(g) = 4 - 3*g + 15*g - 16*g - 5. Determine t(-3).
11
Let w(j) = 14*j + 1. Let t(v) = 13*v. Let z(k) = 3*t(k) - 2*w(k). Give z(2).
20
Let n(p) = -23*p**3 - 13*p**2 + 10*p + 44. Let z(o) = 9*o**3 + 7*o**2 - 5*o - 23. Let x(h) = -2*n(h) - 5*z(h). Determine x(8).
3
Suppose -o - 2 = -4. Let t = o - 9. Let j(x) = x**3 + 6*x**2 - 9*x - 3. What is j(t)?
11
Let r(n) = 35*n. Let s(l) = -107*l. Let j(c) = 7*r(c) + 2*s(c). What is j(1)?
31
Let a(l) = -30*l. Let p = 1826 - 1824. What is a(p)?
-60
Suppose -8 = 2*c - 22. Let k(f) = -2*f + 7. Let s be k(c). Let q(m) = 2*m + 9. Give q(s).
-5
Let w(v) be the first derivative of -v**6/360 - v**5/20 + v**4/12 + 2*v**3/3 + 14. Let a(z) be the third derivative of w(z). What is a(-4)?
10
Let b(f) = -f**3 + 4*f**2 + 4*f - 2. Let a be (-9)/(-2) - 12/(-8). Let l = -3 + a. Let w(t) = -t**3 + 5*t**2 - 3*t - 4. Let j be w(l). Give b(j).
-7
Let t(i) = -3*i - 5 + 0*i + i**2 - i. Suppose -6*d + 3*d = -12. Suppose d = -0*q + q. Give t(q).
-5
Let z(c) = 0 + 19 - 6 - c. Let x be z(12). Let s(a) = -7*a**3 - 2*a + 1. What is s(x)?
-8
Let m(l) = 3 - 425*l**2 + 862*l**2 - 434*l**2 + l - l**3. What is m(4)?
-9
Let x be (1 - 106/(-16)) + 78/208. Let i(h) = 4 - 2*h + 4 - 3. Calculate i(x).
-11
Let b(n) be the third derivative of -n**5/60 - n**4/4 - 5*n**3/6 - n**2. Let p(m) = -4*m - 108. Let v be p(0). Let x be 34/(-7) + 5 + v/21. Calculate b(x).
0
Let m(a) = -3*a - 2. Let n(q) = -q**2 - 10*q - 6. Let i be n(-8). Let t = 0 - -3. Suppose i = -t*s - 2*s. Determine m(s).
4
Let o(r) = -r**3 + 3*r**2 + 2*r + 3. Let s(w) be the second derivative of 0 + 1/3*w**3 + 5*w - 2*w**2. Let t be s(4). Give o(t).
-5
Let y(u) = u**2 + 4*u - 1. Let n be 1 - (-1 - -30)*-1. Let w = n + -28. Suppose w*a - 25 = 7*a. Determine y(a).
4
Let c(q) = q**3 + 6*q**2 - 8*q - 2. Suppose 28*s = -15 - 181. Calculate c(s).
5
Let u(f) = 0 - 928*f - f**2 + 927*f + 2 - 7*f**3 + 10*f**3. Let x(l) = -l**2 + 6*l + 2. Let h be x(6). Calculate u(h).
20
Let p(d) = d**3 - 13*d**2 - 7*d - 94. Let l be p(14). Let i(k) = k**3 - 6*k**2 + 5*k + 1. What is i(l)?
-11
Let z be 1/(3/(-4))*-6. Let w = -6 + z. Suppose -k = -0*k + w. Let n(h) = -h**3 - 2*h**2 - 2*h - 1. Give n(k).
3
Let h(r) = -13*r - 1. Let k(g) = -40*g**3 + g**2 - g - 2. Let z be k(-1). Let v = z - 39. Give h(v).
-14
Let n(v) = -2*v + 0*v - 16978 - v**2 + 16976 + 0*v**2. Determine n(-3).
-5
Let n(m) = -m**2 + m - 1. Let b be 1*0*8/56. Determine n(b).
-1
Let f(o) be the first derivative of -o**3/3 - 11*o**2/2 - 12*o - 407. Determine f(-8).
12
Let u(v) = -v**3 - v**2 + v. Let b(c) = -2*c - 6. Let q be b(-3). Let k(s) = s**3 - s + 15. Let j be k(q). Suppose 0 = -0*l - 5*l - j. Determine u(l).
15
Let g = -7 + -8. Let s = -12 - g. Let r(v) be the third derivative of v**4/12 - v**2. Calculate r(s).
6
Let o(l) be the first derivative of -2*l**3/3 - 5*l**2/2 + 4*l + 7. Suppose -12 + 20 = -2*g. What is o(g)?
-8
Let t(n) = -3511*n**2 + 7020*n**2 - 3510*n**2 - 18 + 14*n. What is t(10)?
22
Let q(j) be the first derivative of -6*j**4 + j**3/3 - j**2/2 + 742. Calculate q(1).
-24
Let a be -3*(1 - (-10)/(-6)). Suppose -b - 2 = -a*b. Let x(o) = -2 - o - 3 + b. Calculate x(-5).
2
Suppose -4*y + 4 = -2*y. Let q(n) = 4*n**y + 4 + n**3 + 0*n + n + 2*n - 10*n**2. Determine q(4).
-16
Let z be ((-75)/10 - -7)*-10. Let x(k) = 8*k + 5. Calculate x(z).
45
Let n(r) = -r**2 + 6*r - 5. Let s be n(4). Suppose -2*c - s*c = 0. Let b(q) = 3 + 2*q**2 - 3*q**2 - 2*q + c + q. What is b(0)?
3
Let u = -277 + 270. Let g(x) = x**3 + 6*x**2 - 7*x - 2. Determine g(u).
-2
Let s(v) = 2*v + 14. Let t(l) = 18 + 0*l - 6*l - 59. Let m be 60/(-35)*35/(-10). Let z(y) = m*t(y) + 17*s(y). Calculate z(-7).
6
Suppose 4*x = 5*a - x, 2*a - 15 = -3*x. Let b(z) = 2*z**2 - 4*z - 1. Calculate b(a).
5
Let n be (2/3*-3)/((-18)/(-45)). Let r(a) be the second derivative of a**4/12 + a**3/3 - 7*a**2/2 + 2*a. What is r(n)?
8
Let n(j) = 64*j - 18. Let g(z) = 35*z - 10. Let y(f) = -11*g(f) + 6*n(f). Suppose -4*w + 4 = -4. Let m be (-30)/(-4) + w/(-4). What is y(m)?
-5
Let w(d) = 6*d**3 + 9*d**2 + 3*d + 10. Let x(n) = -n**3 - n**2 - 2. Let t(a) = -w(a) - 5*x(a). Let u = 12 + -8. Let j be u/(-8) - 3/2. Give t(j).
-2
Let r(c) be the third derivative of c**7/2520 + 11*c**6/720 + c**5/10 - 29*c**4/24 + 23*c**2. Let u(q) be the second derivative of r(q). Give u(-9).
-6
Let q(t) = 5*t - 8. Let w(y) = y**3 - 77*y + 2. Let i be w(0). What is q(i)?
2
Let t(w) = w**3 - 6*w**2 - 2*w. Let f(m) = 2*m**3 - 7*m**2 - 3*m - 1. Let d(y) = 3*f(y) - 4*t(y). What is d(-3)?
-27
Suppose 0 = 3*n + o + 24, 5*n - 4*o + 2 + 21 = 0. Let w(k) be the third derivative of k**5/60 + k**4/3 + 7*k**3/6 + 16*k**2. Determine w(n).
0
Let d(f) = 3 + 6 + 3 + 2*f. Let g be d(-7). Let r(k) = -k**3 - k**2 + 2*k + 2. Give r(g).
2
Let l be (-3)/6 - 1/(3/(-2)). Let x(m) be the third derivative of 0*m + 4*m**2 - 1/4*m**4 + 1/60*m**5 + 0 + l*m**3. What is x(5)?
-4
Let x(u) be the first derivative of -3*u**2 - 26*u - 74. Determine x(-4).
-2
Let o(c) = c**3 - 8*c**2 - 3. Suppose 4*p - 32 = -4*m, -3*p = 2*p - 4*m - 40. Let k be o(p). Let f(d) = 22*d + 4*d**2 - 47*d - 2*d**2 + 28*d. Give f(k).
9
Let a(h) = -7*h**2 - 19*h - 2. Let y(z) = 20*z**2 + 56*z + 6. Let p(d) = 17*a(d) + 6*y(d). Determine p(-13).
2
Let k(f) be the first derivative of 5*f + 4/3*f**3 + 12 + 2*f**2 - 1/4*f**4. Determine k(5).
0
Let q(c) = -6*c - 17. Let b(z) = 3*z + 16. Let x(o) = -3*b(o) - 2*q(o). What is x(7)?
7
Let j(i) = -i**2 - 5*i - 2. Let n(k) = k**2 + 29*k + 50. Let o be n(-27). Determine j(o).
2
Suppose 84 = -21*l + 21. Let u(c) = c**3 + 3*c**2 + 2*c - 4. Determine u(l).
-10
Let b(y) = 2*y**2 - 2*y - 2. Suppose 23 = -16*i + 71. Determine b(i).
10
Let n(i) = i**2 - 7*i + 4. Let m be 928/112 + 14/(-49). Determine n(m).
12
Let b(n) = 7*n**3 + 7*n**2 - 7*n + 14. Let w(g) = 5*g**3 + 6*g**2 - 6*g + 12. Let v(t) = -3*b(t) + 4*w(t). Give v(4).
-22
Let h(y) = 6*y + 3. Let i(j) = -j. Let r be ((-2)/3)/((-4)/6). Let d(k) = r*h(k) + 5*i(k). Let t = 7030 + -7025. Give d(t).
8
Let f(q) = -2*q**2 + 4*q - 4. Suppose z = 4*g - 11, -3*z = -3*g + 9 + 6. Suppose r = g*r + 29. Let s be 6/(-27) - r/9. Determine f(s).
-10
Let s(r) = r**3 + 1. Let v(y) = -5*y**3 + 4*y**2 - 5*y - 6. Let j(l) = l - 19. Let u be j(20). Let h(t) = u*v(t) + 6*s(t). Calculate h(-5).
0
Let t(c) = -206*c**3 - 2 + 20*c + 107*c**3 - 19*c**2 + 98*c**3. Determine t(-20).
-2
Let r(g) = g**3 - g**2 + 2*g - 1. Let t(q) = -4*q**3 - 12*q. Let o(b) = 5*r(b) + t(b). Determine o(5).
-15
Let j(g) = -g**2 - 2 + 1 - 5*g**2. Suppose 5*z = 3*z + 80. Let y = z - 39. Calculate j(y).
-7
Let z = 9 - 6. Let t(d) = d**2 - 6. Let a be t(3). Let w(f) = 3 + 2*f**z - f + a*f**3 - 18 - 4*f**3. Give w(0).
-15
Let n(r) be the second derivative of r**4/6 - 2*r**3 - 5*r - 6. Give n(8).
32
Let g(i) = -2*i - 6*i - 2 - 2*i. Let u(j) = -j**3 - 2*j**2 + 3*j - 2. Let z be u(-3). Determine g(z).
18
Let k(v) = -v**3 + 3*v + 28 - 3*v + 21*v**2 - v. Let u be k(21). Let b(g) = -g**2 + 7*g + 2. Calculate b(u).
2
Let q(z) = z**2 - 3*z - 2. Let o = 5 + -9. Let x = o + 6. Suppose 2*i = i - x. Give q(i).
8
Suppose 0 = 5*v - 20. Let u(o) = -541*o**3 + v*o + 6*o**2 - 2*o**2 + 542*o**3. Suppose -4*x = -3*x + 2*y - 7, -2*x = -4*y + 26. Determine u(x).
-3
Suppose 0 = r - 2*n - 12, -4*n = -0*r + 2*r + 16. Let k be ((-10)/4)/(r/(-4)). Let a(v) = -v**2 + 3*v + 6. Determine a(k).
-4
Let b(j) = 2*j - 1. Suppose n + 9 = 153*o - 154*o, 0 = -5*n - 3*o - 45. Calculate b(n).
-19
Let i(d) be the first derivative of 2*d**2 - 5*d + 9. Let o(m) be the first derivative of -21*m**2/2 + 25*m + 6. Let j(u) = -11*i(u) - 2*o(u). Give j(5).
-5
Let j(n) = -8*n + 12. Let d be j(3). Let y(v) = -v**3 - 13*v**2 - 13*v - 5.